 15*k + 17. Let n(u) be the second derivative of u**5/20 + 3*u**4/4 + 4*u**3/3 - 5*u**2 - 30*u. Let h be n(-8). Is a(h) composite?
False
Let m(j) = -6 - 11*j - 62*j - 15 - 1. Let p = 102 + -111. Is m(p) a prime number?
False
Suppose 21*q = 16*q - 2*k + 80912, 0 = 2*q + 2*k - 32360. Let a = q + -10071. Is a prime?
True
Suppose i + 2 = -m, 3*i = m - i - 23. Suppose 4*s + 4*j = m*s + 139, 2*j = -5*s + 659. Let b = s + 291. Is b prime?
False
Let f = -1603172 - -2776065. Is f a prime number?
True
Is 1189305/8 - (-2)/112*-7 a composite number?
False
Let u(r) = -38*r**2 - r - 39. Let b(o) = -57*o**2 - o - 58. Let s(j) = -5*b(j) + 7*u(j). Is s(12) composite?
False
Let i(b) = -b**3 - 7*b**2 - 3*b + 22. Let m(t) = 1 - 9*t - 1 + 3 + 10*t. Let s be m(-10). Is i(s) composite?
False
Let a be (12764*(-8)/(-32))/(2 + -1). Suppose -2*d + g - 3*g = -6414, -3*g = -d + a. Is d prime?
True
Suppose -707 = 1151*o - 1150*o - 5*r, -2013 = 3*o + 3*r. Suppose 2*j + 5*d + 27 = 0, j - 6*j + 15 = -4*d. Is (o + 0)*j + -5 + 7 composite?
True
Is 35354675/200 - (10/(-16) + 1) a prime number?
False
Let b = 301997 + -206466. Is b a prime number?
True
Let r(q) = 258443*q + 25. Is r(4) a composite number?
True
Let s be 1*47514*20*-1. Is (s/(-80))/((-2)/(-4)) prime?
False
Let a(z) = -1222*z + 55. Let b(p) = -6*p. Let i(t) = -a(t) + 6*b(t). Is i(2) a prime number?
False
Suppose 31*h - 1123723 - 1248180 = 0. Suppose 8*a - h - 25783 = 0. Is a composite?
True
Suppose 2198185 = 14*i + 41*i. Is i a composite number?
True
Let p be -8737*(-3)/15 + 10/(-25). Let s = 16626 - p. Is s a composite number?
False
Suppose 22526050 = 57*g - 11932103. Is g a prime number?
True
Let d(i) = -i**3 + 22*i**2 + 2. Let z be d(22). Let b(r) = 0*r**2 - 1 + 21 + 15 + 12*r + 4*r**z. Is b(-9) a composite number?
False
Let x = 104 + -109. Let p(o) = o + 9. Let b be p(x). Is (-6 + b - 69)*-7 a composite number?
True
Let x(f) = -25*f - 87. Let m be x(-5). Let c = m + 81. Is c a prime number?
False
Let p = -600818 + 1262980. Is p a prime number?
False
Let q(u) = 1793*u + 1226*u - 16 + 824*u. Is q(1) a composite number?
True
Suppose 35675 = 7*c - 42004. Suppose 24*u - 22*u = 3*j - c, -12 = 4*u. Is j a composite number?
False
Suppose 17*n - 78379 = 29984166. Is n composite?
True
Suppose 9*h - 2*l = -11577 + 562488, 2*h + 4*l = 122398. Is h prime?
True
Let n(w) = -2*w - 11 - 4*w + 0*w + 4*w. Let j be n(-7). Suppose 0 = j*q - q - 470. Is q composite?
True
Let u = 131 + -128. Suppose u*t - 9402 = -3*t. Is t a composite number?
False
Let u = -1705 + 1707. Let b be 10/3 - 4/(-6). Suppose -4*m - 682 - 2878 = -b*d, 0 = -u*d + 4*m + 1786. Is d composite?
False
Let d(b) = 20*b**3 - b**2 + 2*b + 2. Let l be d(-2). Let a = 211 + -215. Is a + (-2 - l) - 2 composite?
True
Suppose 46*y - 47*y + 18658 = 0. Is (-8)/12*1 + y/6 a composite number?
False
Suppose 131*b + 36*b - 11424160 = 7*b. Is b a composite number?
True
Suppose 0 = 3*b - 4*m - 4, 0*b + 14 = 2*b + 3*m. Suppose -5*t + t + 15 = 3*n, -b*n + 20 = 5*t. Suppose 0 = -n*i + 33 + 262. Is i a prime number?
True
Suppose 2*c = -3*u + 22, u + 5*c = 2*c + 5. Suppose -11*x + 135 = -u*x. Suppose 3*h - 102 = x. Is h a composite number?
True
Let u = 1228410 - 662048. Is u a composite number?
True
Suppose -7*u + 10978 = -131. Suppose 4*y - u = -3*l + 3*y, -4*l - 2*y + 2114 = 0. Let n = l + -319. Is n a composite number?
False
Let j = 64 - 50. Let h = 17 - j. Suppose h*y - 1954 = -4*d, 0*d - 491 = -d - 2*y. Is d prime?
True
Let o be 115/2*2576/(-140). Let d = 261 - o. Is d prime?
True
Suppose 2*y - 20*y - 838872 = 0. Let m = 65635 + y. Is m composite?
False
Suppose -3352 + 985 = -2*c + 3*p, 5*p = 5*c - 5905. Let h be ((-3)/(-2))/(8/16). Suppose 277 = d - 4*q, -h*d + c = d + q. Is d a composite number?
False
Let s be ((5 - 4) + -2)/(-1) - -2195. Is -15 + 11 + (s/1)/2 composite?
True
Suppose -219*a = -212*a - 931. Let z(u) = -167*u - 2. Let k be z(-2). Let p = k - a. Is p a composite number?
False
Let l be 1*(7/77 - (-744)/44). Suppose -14*h - 4863 = -l*h. Is h composite?
False
Suppose 25*a = 9 + 41. Is (-4)/(-26) + (a - (-126927)/117) composite?
False
Let m be (-90910)/(-5) + 3*2. Let t = 48371 - m. Is t a prime number?
False
Let q(b) = -b**2 - b + 1. Let y(d) = 20*d**2 - 15*d - 34. Let k(r) = -3*q(r) + y(r). Is k(12) composite?
True
Let w = -22181 - -47520. Is w prime?
True
Suppose -9*l = s - 12*l - 3, 0 = -2*s + 5*l + 5. Suppose s = 9*q - 5*q - 41764. Is q a prime number?
False
Suppose 0 = -i - 9*i + 120. Let w be -4 + i + -5 - 397. Let t = 1049 + w. Is t a composite number?
True
Suppose 24*l + 37 + 83 = 0. Is 1650 + 0 - (l - 6)/(-11) a prime number?
False
Let x = 10027 - 3581. Let c = x + -2137. Is c prime?
False
Suppose 4*h - 115658 = -30274. Suppose 0 = 3*m + 3, 4*y + 2*m - h = y. Is 0 - (y/(-2) - 5) composite?
True
Let r(c) = 10*c + 4. Let i be r(4). Suppose -i = 6*t + 4. Let u(f) = -4*f - 9. Is u(t) a prime number?
True
Let v(g) = 29*g + 71. Let c(r) = -r + 2. Let n = 9 + -10. Let i(y) = n*v(y) + 5*c(y). Is i(-8) prime?
True
Suppose w - 219*z = -216*z + 34315, 0 = -5*w + 2*z + 171575. Is w composite?
True
Let y(g) = 13*g**2 - 536*g - 31. Is y(-60) a prime number?
True
Let h be (-65)/10 + 30/(-20). Let p(u) = -27*u**3 + 25*u**2 - 17*u - 9. Is p(h) a composite number?
False
Suppose -5*k + 71156 + 196347 = 4*c, -2*k + 107000 = 2*c. Is k a prime number?
True
Let w(v) = -5*v - 2. Let l be w(-1). Suppose 0 = -5*j + l*y - 12, -2*j + 7*y - 3*y = 2. Let p(a) = -a**3 - a**2 + 2*a + 2. Is p(j) a composite number?
True
Let y(t) = t**2 + 2*t + 2. Suppose -2*j + 22 - 18 = 0. Let n be y(j). Suppose n*v - 5718 = 4*v. Is v composite?
False
Let m(x) = 7*x**3 + 51*x**2 + 43*x - 80. Let q(p) = -4*p**3 - 25*p**2 - 22*p + 40. Let z(a) = -6*m(a) - 11*q(a). Is z(23) prime?
True
Let z be (-3)/3*(-3 + 6 + -2). Let i be -1*(-117)/52*(z - -53). Let c = i + -60. Is c prime?
False
Suppose -2*s - 13*s + 17294418 - 3116283 = 0. Is s a composite number?
False
Let x(u) = -u**3 + 15*u**2 - 37*u + 14. Let t be x(12). Suppose 2*i - 379 = 4*l - 8781, t*i - 8390 = -4*l. Is l a prime number?
True
Let h(k) = -667*k**3 + 4*k**2 + 7*k + 3. Let s be h(-3). Let o = s + -6478. Is o composite?
False
Let s = -222047 + 655198. Is s a prime number?
True
Let c(h) be the first derivative of 16*h**3/3 + 13*h**2 - 17*h + 10. Let n be c(-12). Suppose -f = p - 2*p - 1979, -f + 3*p = -n. Is f a composite number?
True
Suppose -24 = 6*t - 12*t. Suppose t = 3*w + w. Is (-423 + w)/(6/(-3)) a prime number?
True
Let r = 299 - 294. Suppose -1249 = 4*w - r*w - 2*o, 2*o = 6. Is w composite?
True
Let x(p) = 114*p**3 + 3*p**2 + 12*p - 26. Let o be x(4). Suppose o = s - 3*l, l = 14 - 13. Is s a prime number?
True
Suppose 4*f = -w + 20, -5*f - 4*w + 18 + 7 = 0. Suppose 0 = -3*b - 3*u + 4*u + 3364, -f*b + 5610 = -u. Is b composite?
False
Is ((-20)/2 - 10830/(-76))*(-13084)/(-10) composite?
True
Is 1 + 11264 + (-103 - -111) a prime number?
True
Let n(r) = 1161*r - 92. Let t be n(23). Suppose t = 32*s - 19*s. Is s a composite number?
True
Let y = -59329 - -100662. Is y composite?
False
Is (715/44 - -6)/(2/8072) composite?
True
Let s(p) = 5905*p**3 + 3*p**2 + 4*p. Let f be s(-1). Is (-4)/(-24)*f*-3 a prime number?
True
Let k(h) = -94*h**2 + h + 12. Let c be k(8). Let s = c - -9449. Is s prime?
False
Let q = -71908 - -136581. Is q a composite number?
True
Is (-162807)/(6*(-9)/27 + 1) a prime number?
False
Let y(k) = 34722*k - 5645. Is y(18) prime?
False
Let g = -190 - -198. Suppose -11*r + g*r + 14721 = 0. Is r prime?
False
Suppose 8*t + 13 + 19 = 0. Is (2291/t)/(((-30)/5)/24) a prime number?
False
Suppose 0*y - 175272 - 274435 = -y. Is y prime?
False
Suppose 3391*o = 3371*o + 2491820. Is o composite?
True
Let t = 24 + -19. Suppose 7*d = 11*d + 4*f - 13388, -2*d - t*f = -6694. Is d prime?
True
Suppose i = 2*v - 8, -4*i + v - 25 = -0*i. Let j be ((-888)/(-3))/((-1)/i). Suppose 5*w + 20 = 0, 4*u - j = -w - 4*w. Is u a composite number?
False
Let m be (15/(-6))/((-3)/(-102)). Suppose 657 = -12*r + 15*r. Let x = m + r. Is x composite?
True
Let v = -13476 + 27583. Is v a composite number?
False
Let z(u) = 167*u**3 + 2*u**2 - 18*u + 14. Suppose 2*m + 3*d - 101 + 88 = 0, -4*m + 23 = 3*d. Is z(m) a prime number?
True
Let d(x) = 3399*x**2 - 7*x - 7. Let k be 